ime number?
False
Is 18610957 a prime number?
True
Is 199423157 a composite number?
False
Is 32546837 a composite number?
False
Is 3367141 composite?
False
Is 1230055 a prime number?
False
Is 5511323 prime?
False
Is 7329059 a composite number?
False
Is 812338 composite?
True
Is 7255357 a prime number?
True
Is 76994321 composite?
False
Is 329605 a prime number?
False
Is 406405019 a composite number?
True
Is 38871689 prime?
False
Is 9078367 a prime number?
True
Is 3029359 composite?
False
Is 2446805 a composite number?
True
Is 13582967 composite?
True
Is 4130549 a composite number?
True
Is 9466241 composite?
False
Is 87493681 a prime number?
False
Is 190923905 prime?
False
Is 3672359 composite?
False
Is 7909457 a composite number?
False
Is 106536847 a prime number?
True
Is 5988493 composite?
True
Is 742130637 prime?
False
Is 211155013 prime?
True
Is 183710019 a prime number?
False
Is 46274287 a composite number?
True
Is 10573991 a composite number?
True
Is 157528211 prime?
True
Is 45788683 a composite number?
False
Is 2392919 composite?
False
Is 126721097 prime?
False
Is 229320031 prime?
True
Is 105953 composite?
False
Is 339965633 a prime number?
False
Is 25467179 composite?
False
Is 5266897 a prime number?
True
Is 345518546 composite?
True
Is 7156367 a prime number?
True
Is 333601501 composite?
False
Is 1443766 prime?
False
Is 42425287 a prime number?
True
Is 929603 prime?
False
Is 4152827 a composite number?
True
Is 21248153 a composite number?
False
Is 532392163 a composite number?
True
Is 25909459 a composite number?
True
Is 23324213 prime?
False
Is 161393707 a composite number?
True
Is 10725031 prime?
False
Is 162889051 a composite number?
True
Is 41648021 a prime number?
True
Is 4601011 a composite number?
False
Is 24608137 composite?
True
Is 19070869 composite?
False
Is 3458977 prime?
True
Is 29806481 a prime number?
True
Is 82157701 a composite number?
False
Is 197448961 a prime number?
True
Is 2137519 a prime number?
False
Is 1852754 prime?
False
Is 9539111 a prime number?
True
Is 1153309 a prime number?
True
Is 4000147 a composite number?
True
Is 1552717 composite?
True
Is 159318758 a composite number?
True
Is 61419887 a composite number?
False
Is 1213703 prime?
False
Is 210090103 composite?
False
Is 7466819 prime?
True
Is 39588671 prime?
True
Is 16690354 prime?
False
Is 1017239 a prime number?
False
Is 160201 prime?
True
Is 8937149 prime?
False
Is 2367361 prime?
True
Is 38573695 a composite number?
True
Is 677867 prime?
False
Is 9820147 a composite number?
False
Is 12593681 a composite number?
False
Is 7720813 prime?
True
Is 348149 prime?
True
Is 107628413 composite?
False
Is 5838887 composite?
False
Is 9406403 composite?
True
Is 3129101 a composite number?
True
Is 54243227 composite?
False
Is 125474383 prime?
True
Is 7689805 a prime number?
False
Is 35086801 a composite number?
False
Is 32107681 a prime number?
True
Is 4967497 prime?
False
Is 343833163 composite?
True
Is 30845743 composite?
False
Is 224516209 composite?
False
Is 3458549 a composite number?
True
Is 2606243 a prime number?
False
Is 14637331 a composite number?
False
Is 68573 composite?
True
Is 6766321 prime?
True
Is 186941561 a prime number?
False
Is 1230253 prime?
False
Is 57991427 a prime number?
False
Is 3873413 a composite number?
False
Is 3320509 prime?
True
Is 8262845 composite?
True
Is 23814953 prime?
True
Is 4386517 composite?
False
Is 71738101 a prime number?
False
Is 94748158 composite?
True
Is 11405041 a prime number?
True
Is 45602933 composite?
True
Is 11046121 a composite number?
False
Is 19366121 a composite number?
True
Is 69705397 prime?
True
Is 24542515 a prime number?
False
Is 6891211 a composite number?
False
Is 508220399 a composite number?
False
Is 6585767 composite?
True
Is 6522257 composite?
True
Is 13056551 a composite number?
True
Is 8994077 composite?
False
Is 12291179 prime?
True
Is 1605871 a prime number?
False
Is 83461181 a composite number?
True
Is 85293001 composite?
True
Is 90811 prime?
False
Is 7625351 composite?
True
Is 26015777 prime?
True
Is 6090079 a composite number?
True
Is 64699933 a prime number?
True
Is 25938127 a composite number?
True
Is 863143 a composite number?
False
Is 4011331 a prime number?
True
Is 1455599 composite?
False
Is 20337385 a prime number?
False
Is 3537167 composite?
True
Is 2615441 composite?
False
Is 15694559 prime?
True
Is 7947451 a prime number?
False
Is 6601601 composite?
False
Is 11203987 a prime number?
True
Is 96473353 a prime number?
False
Is 70824939 a composite number?
True
Is 64435529 a prime number?
True
Is 55810415 a composite number?
True
Is 44977403 a prime number?
True
Is 21268967 a composite number?
False
Is 223226851 a composite number?
True
Is 6756011 composite?
True
Is 5030053 prime?
False
Is 6239687 composite?
True
Is 23263171 a prime number?
False
Is 52326299 prime?
True
Is 89228021 prime?
False
Is 6188951 composite?
True
Is 33946849 a composite number?
True
Is 2665283 prime?
False
Is 46791653 prime?
True
Is 83022361 composite?
True
Is 20828578 a prime number?
False
Is 7320811 composite?
False
Is 1777619 a composite number?
True
Is 40855781 prime?
False
Is 10073641 composite?
True
Is 441457 a composite number?
True
Is 8463073 composite?
True
Is 225543871 prime?
False
Is 35752139 composite?
True
Is 8587399 a prime number?
True
Is 3429107 composite?
True
Is 245773 prime?
False
Is 78448637 composite?
True
Is 123697207 a prime number?
False
Is 73237 composite?
False
Is 2530193 prime?
True
Is 5653667 composite?
True
Is 503513651 prime?
True
Is 16117579 a composite number?
True
Is 12428749 composite?
False
Is 28449233 composite?
False
Is 16919597 a composite number?
True
Is 103984627 composite?
False
Is 62289659 a composite number?
True
Is 372461 prime?
True
Is 95544411 a composite number?
True
Is 1414927 prime?
False
Is 18521963 prime?
False
Is 3161707 prime?
True
Is 15730249 a prime number?
True
Is 106591593 a composite number?
True
Is 321857 prime?
False
Is 220943447 composite?
False
Is 11402519 a composite number?
False
Is 41443489 a prime number?
False
Is 2061361 a composite number?
False
Is 440074621 composite?
True
Is 38149721 a prime number?
False
Is 26199203 a prime number?
False
Is 9453337 composite?
False
Is 1374643 composite?
True
Is 820777 composite?
True
Is 14880367 a prime number?
False
Is 417881 a prime number?
True
Is 39469715 prime?
False
Is 40822547 a composite number?
True
Is 259907 prime?
True
Is 537339259 composite?
False
Is 4991323 a composite number?
True
Is 4746643 composite?
True
Is 2169481 composite?
True
Is 842411 prime?
False
Is 103801127 a prime number?
True
Is 3120665 a composite number?
True
Is 5989057 composite?
False
Is 501508013 prime?
True
Is 32807653 composite?
False
Is 8874287 composite?
False
Is 5361711 prime?
False
Is 8175803 a composite number?
False
Is 12710746 a prime number?
False
Is 19094161 composite?
False
Is 855667 a composite number?
False
Is 35514103 a composite number?
False
Is 99107607 a prime number?
False
Is 8441347 a composite number?
False
Is 108892093 a prime number?
True
Is 322616489 a composite number?
True
Is 29551013 prime?
False
Is 3519361 a composite number?
False
Is 89115413 composite?
False
Is 3780019 a composite number?
True
Is 349383 a prime number?
False
Is 347962 a composite number?
True
Is 131732938 a composite number?
True
Is 2533231 a composite number?
False
Is 4051651 a prime number?
False
Is 31457681 a composite number?
False
Is 297151193 a composite number?
False
Is 208548251 prime?
False
Is 123096287 a composite number?
False
Is 1576205317 a composite number?
False
Is 3149977 a composite number?
True
Is 10959801 a composite number?
True
Is 2569681 prime?
True
Is 4847281 a composite number?
True
Is 53115859 composite?
True
Is 1714091 a prime number?
True
Is 57705341 a prime number?
True
Is 501695377 composite?
True
Is 14271241 composite?
False
Is 68642083 composite?
True
Is 204026041 prime?
False
Is 2394059 composite?
True
Is 12355573 prime?
False
Is 20577799 composite?
True
Is 3518447 prime?
True
Is 1320035 prime?
False
Is 166264867 a composite number?
False
Is 961769 a prime number?
True
Is 7769549 a prime number?
True
Is 2297411 composite?
False
Is 1924327 a composite number?
False
Is 271176427 prime?
False
Is